s of g?
7
List the prime factors of 24 - (-3)/(-2)*2.
3, 7
Let n be (-9)/(-54) - (-34)/12. What are the prime factors of -1 + n - (-3 + -3)?
2
Let k(c) be the second derivative of c**4/12 + 2*c**3/3 + c**2/2 + c. Let s = -57 - -50. List the prime factors of k(s).
2, 11
Suppose 2111 - 299 = 4*a. What are the prime factors of a?
3, 151
Suppose -102 - 57 = -z + 4*b, z - b = 171. What are the prime factors of z?
5, 7
Let r = 46 - 36. What are the prime factors of r?
2, 5
Suppose -2*y - 3*y - 2*i = -281, -i - 272 = -5*y. List the prime factors of y.
5, 11
Let w(v) be the third derivative of -v**4/8 - 4*v**3/3 - v**2. What are the prime factors of w(-6)?
2, 5
Let i(t) = -t**3 - 6*t**2 - 8*t + 5. What are the prime factors of i(-7)?
2, 5, 11
Suppose -q - i = -198, 0*q - 2*i = 3*q - 592. What are the prime factors of q?
2, 7
Let h(r) = -r**2 - 13*r - 2. Let g be h(-11). Let l = 36 - g. List the prime factors of l.
2
Suppose 4*l - 10 - 26 = 0. Suppose 2*r - l = 5. What are the prime factors of r?
7
Suppose o = -3*u - 0*u + 214, 4*u + o - 284 = 0. List the prime factors of u.
2, 5, 7
Suppose 3*d + 9 = 2*d. Let t = 0 - d. What are the prime factors of t?
3
Let u = 21 - 9. List the prime factors of u.
2, 3
Suppose 0 = 8*p - 5*p + 30. Let y be 2/p - (-321)/5. Suppose 0 = -3*v + z + y, 2*v + 3*z - 34 = 5. List the prime factors of v.
3, 7
Let q = 29 - 19. List the prime factors of q.
2, 5
Let n = -6 - -9. Let x(l) = -l + n*l + l**3 - 4 + 3*l + 7*l**2. List the prime factors of x(-6).
2
Let g = 75 + -23. List the prime factors of g.
2, 13
Suppose 10*l - 8*l = 0. Suppose l*u = -5*u + 110. List the prime factors of u.
2, 11
Let q = -93 + 146. List the prime factors of q.
53
Let w(r) = r**3 - r + 28. What are the prime factors of w(0)?
2, 7
Let i = 41 - 21. List the prime factors of i.
2, 5
Let m = 2 - -4. Suppose v = -3, 3*v = m*n - 3*n - 48. List the prime factors of n.
13
Let j(v) = -v**2 + 8*v - 4. Let u be j(3). Suppose -u*b + 7*b + 104 = 0. List the prime factors of b.
2, 13
Suppose 4*f - p + 31 - 8 = 0, 3*f = -5*p - 23. List the prime factors of (42/(-28))/(f/112).
2, 7
Let d(s) = -s**3 + 5*s**2 - s + 6. Let p be d(5). What are the prime factors of ((-110)/5)/(p + -3)?
11
Let o = -2 + 6. Let k be -1*2 + (8 - o). What are the prime factors of k/4 + 26/4?
7
Let b(m) = -2*m**3 + m + 24. Let r(t) = -t**3 + t + 12. Let z(i) = 3*b(i) - 5*r(i). What are the prime factors of z(0)?
2, 3
Let r(o) = -o**3 + o**2 + o + 65. Let n be r(0). Suppose 11 = -3*y + n. List the prime factors of y.
2, 3
Suppose 28 = -x - a + 6*a, x = 2*a - 13. Let i = 26 + x. What are the prime factors of i?
23
Suppose -7 - 1 = -2*j. Suppose j*m - 55 = -m. List the prime factors of m.
11
Let s(c) = c**3 + 6*c**2 - 4*c - 7. Let i be s(-6). Let r = i + -4. Let a = -8 + r. What are the prime factors of a?
5
Let r be 2 - (1 + 0 - -1). Suppose r = -m + j - 4, j - 4 = -3*m + 2*m. Let w(g) = g + 11. What are the prime factors of w(m)?
11
Let j(d) be the second derivative of -1/12*d**4 + 0 + 2*d - 4/3*d**3 - 1/2*d**2. List the prime factors of j(-6).
11
Suppose -2*d + 3*o + 0*o = -3, -5*o = 5. Suppose d = i - 2 - 0. What are the prime factors of i?
2
Let l = -1 + 1. List the prime factors of 9 - (l - 3) - 0.
2, 3
Suppose 0 = 3*h - 2*c - 2 - 4, 10 = 5*h - 4*c. Suppose 0 = -m - f + 5, -f = -h*m - 0*f + 25. What are the prime factors of -10*(-1 + 2/m)?
2
Let y = 20 + -32. Let l = y - -29. List the prime factors of l.
17
Let r(n) be the first derivative of n**4/4 + 4*n**3/3 - 4*n**2 - 5*n - 2. Let k be r(-5). Let g = k - -4. List the prime factors of g.
2, 7
What are the prime factors of 0 + (72/1 - 3) + 2?
71
Suppose 3*l = -2*l + 45. Suppose h - 9 = l. Suppose -h = -a - 0*a. What are the prime factors of a?
2, 3
Let y(a) = a**2 - 6*a + 13. Let s be y(9). What are the prime factors of (12/(-10))/((-6)/s)?
2
Let n(t) = -8*t**2 + 2*t. Let l(q) = q**2 + q. Let i(w) = -3*l(w) + n(w). Let m be i(-1). Let d = m + 14. What are the prime factors of d?
2
Let s = -18 - -23. Let w(q) = q**2 - 2 - 2*q**2 + 7*q - 1. What are the prime factors of w(s)?
7
List the prime factors of ((-4)/(-4) - -67) + 20/5.
2, 3
Suppose -3*j = j - 220. List the prime factors of j.
5, 11
Let y = 23 + -7. List the prime factors of y.
2
Let s(z) = z**3 + z + 2. Let h be s(0). What are the prime factors of (h + 0/2)/1?
2
Suppose -5*u = -4 - 6. Let c(f) = 2 + 0*f**2 + 5*f - 1 - 4*f + f**2. List the prime factors of c(u).
7
Let h(w) = w**3 - w**2 - 2. What are the prime factors of h(5)?
2, 7
What are the prime factors of 0 + 8 + -3 + 32?
37
Suppose 22*h - 550 = 20*h. What are the prime factors of h?
5, 11
Let g = 3 + 3. What are the prime factors of g?
2, 3
Let i(z) = -z**2 - 11*z - 9. Let d be i(-10). Let y be -1 + (-1)/(2/(-4)). Let o = d + y. What are the prime factors of o?
2
Let d(w) = w**3 - 5*w**2 + 3*w - 7. Let f be d(5). Let k(g) = -g**3 - 6 + 6*g**2 - g - 3*g**2 + f*g. List the prime factors of k(4).
2, 3
Let c(o) = -18*o - 3. Suppose -3*n + 3 = 0, 6*z - 4*z + 1 = -3*n. What are the prime factors of c(z)?
3, 11
Suppose -5*g + 0*g + 15 = 0. Suppose -3 = -t, -5*h + g*t = -33 - 3. List the prime factors of h.
3
Suppose -4*r + 1090 = -5*i, 0 = -21*r + 26*r - 3*i - 1356. What are the prime factors of r?
2, 3, 5
Suppose 0 = -3*z, 2*g + 0*g - 2*z - 66 = 0. What are the prime factors of g?
3, 11
List the prime factors of ((-32)/80)/((-1)/55).
2, 11
Suppose 91 = 2*x + 25. Suppose x = -5*n + 78. Let s = 22 - n. List the prime factors of s.
13
Let n(b) = -116*b. What are the prime factors of n(-1)?
2, 29
Suppose 67 = l + 2*a, 2 + 0 = -a. What are the prime factors of l?
71
Suppose s - 16 = 4. Suppose -d + s = 3*p - 6*d, -3*p - 3*d = 12. Suppose p = 4*h - 53 + 13. List the prime factors of h.
2, 5
Let y(k) = -k**2 - 5*k + 5. Let m be y(-4). Suppose 4*c - m*c + 175 = 0. What are the prime factors of c?
5, 7
Let v = 17 + 11. List the prime factors of v.
2, 7
What are the prime factors of 885/25 + (-6)/(-10)?
2, 3
Let h = 59 + -45. What are the prime factors of h?
2, 7
Suppose -1456 = -6*z + 854. List the prime factors of z.
5, 7, 11
Suppose 3*i = 3*d + 15, 5*i - 65 = -6*d + 3*d. What are the prime factors of i?
2, 5
Suppose 3*c = 4*c - 23. List the prime factors of c.
23
What are the prime factors of (55*1/1)/1?
5, 11
Let o = -12 - -28. Let f = 6 + o. What are the prime factors of f?
2, 11
Suppose 0*s + 132 = 4*s. What are the prime factors of s?
3, 11
Suppose 5*o + 5*v = 15 + 85, -2*o + 3*v = -45. What are the prime factors of o?
3, 7
Let d be 2 - (2 - (-3 + 2)). Let o be (6 - 6)/(d - -3). Suppose o = t - 5. List the prime factors of t.
5
Let l(s) = 18*s + 1. List the prime factors of l(2).
37
Let m(d) = -5*d + 2 + d**2 + d**2 - 4. What are the prime factors of m(5)?
23
Let u be 1876/49 - 2/7. List the prime factors of (3 - 5)/((-4)/u).
19
What are the prime factors of (-2864)/(-20) + (-4)/(-5)?
2, 3
Let n = -92 + 203. What are the prime factors of n?
3, 37
What are the prime factors of 1 + (348/(5 - 1) - -3)?
7, 13
Let u(z) = z + 4. Let r be u(3). List the prime factors of -7 + 4 + 5*r.
2
Let h = 29 + 5. List the prime factors of h.
2, 17
Let q = -5 + 9. Suppose q*h - 3*h = 11. What are the prime factors of (-2)/h - (-870)/66?
13
Let f(y) = y**3 + y**2 - 2*y. Let z be f(2). Suppose -10*b + z*b = -80. List the prime factors of b.
2, 5
Let p = -30 + 59. Let l = -13 + p. List the prime factors of l.
2
Let j be 6*(5 - 4) + -1. Suppose -j*t + 65 = c, -4*c + 5*c = -4*t + 62. List the prime factors of c.
2, 5
Let i(l) = l - 4. Let o be i(6). Let g be ((-13 - -1)/o)/(-2). Let t = g + 0. List the prime factors of t.
3
Let i = -61 + 222. What are the prime factors of i?
7, 23
Let r = 4 + -1. Suppose h + 0*q - 8 = 2*q, 4*q = -r*h + 44. List the prime factors of h.
2, 3
Suppose -l + 3 = l - 5*v, 5*v - 5 = 0. Let j = l - 4. Suppose j = 3*n - 9. What are the prime factors of n?
3
Let i = 8 - 5. Suppose 3 = i*g - 2*g. Suppose -g*k + 4*z = -k - 34, z - 5 = -k. What are the prime factors of k?
3
Suppose -30 = -p + 4*p + x, -3*p - 3*x - 30 = 0. What are the prime factors of 4/10 - 16/p?
2
Let r = -2 + 2. Let f be (-6)/(-45) - (-4179)/45. Suppose -f = -5*c - 3*q, r = -4*q - 12 - 4. What are the prime factors of c?
3, 7
Let l(c) = 2*c + 2. Let i be l(4). Let 